- 6519*k + 45684. Determine y(7).
2
Let d(o) = -o**3 + 8*o**2 - 18*o + 7. Determine d(5).
-8
Let m(k) = 5*k - 59. What is m(-15)?
-134
Let n(o) = -94*o + 158. Give n(2).
-30
Let w(n) = 4*n**2 + 71*n + 52. Determine w(-18).
70
Let s(b) = -87*b**2 - 1393*b - 68. What is s(-16)?
-52
Let a(r) = -r**2 - 3*r + 32. Give a(-6).
14
Let j(s) = s**3 - 31*s**2 + 38*s + 28. Give j(30).
268
Let m(q) = -457*q**3 + 32*q - 31. Calculate m(1).
-456
Let z(k) = -2*k**3 - 2*k**2 - 15*k - 94. What is z(0)?
-94
Let u(a) = -2*a**2 - 36*a + 1022. Calculate u(16).
-66
Let x(d) = 1518*d + 1553. Determine x(-1).
35
Let z(t) = 2*t**3 + 78*t**2 - 74*t - 76. Determine z(-40).
-316
Let v(j) = -2*j**3 + 4*j**2 - 2*j + 3. Determine v(0).
3
Let c(w) = 2*w**2 - 74*w - 158. Determine c(41).
170
Let w(o) = o**2 - 16*o + 60. Calculate w(11).
5
Let z(g) = 3*g**3 + 3*g**2 - 9*g - 11. Calculate z(-5).
-266
Let d(h) = 90*h**2 + 12*h - 10. Calculate d(2).
374
Let d(a) = 4*a**3 + 40*a**2 + 100*a - 3. Calculate d(-5).
-3
Let p(m) = -2*m**3 - 19*m**2 + 36*m + 55. Give p(-11).
22
Let l(t) = -t**3 - 31*t**2 - 38*t - 236. Determine l(-30).
4
Let j(q) = 7*q + 59. Calculate j(17).
178
Let h(f) = -1895*f + 1921. Calculate h(1).
26
Let q(f) = 3*f**2 - 458*f + 6186. What is q(15)?
-9
Let k(w) = 7*w**2 - 8*w + 5. Give k(-4).
149
Let h(m) = m**3 - 8*m**2 - 26*m + 214. Calculate h(6).
-14
Let y(v) = 289*v - 6356. Give y(22).
2
Let j(u) = -u**3 + 148*u**2 - 4511*u - 435. What is j(105)?
-15
Let m(b) = -360*b + 19441. Give m(54).
1
Let c(o) = -o + 30. Calculate c(10).
20
Let i(h) = h**2 - 93*h - 1813. Determine i(-17).
57
Let a(k) = -42*k - 895. Determine a(-21).
-13
Let p(c) = c**2 + 42*c - 906. Give p(-33).
-1203
Let j(q) = -q**2 + 46*q + 845. Determine j(-16).
-147
Let j(l) = -5*l**2 + 84*l + 119. Determine j(18).
11
Let p(i) = 556*i - 3892. Calculate p(7).
0
Let r(d) = 33*d**3 - 2*d**2 + 51*d - 50. Calculate r(1).
32
Let l(q) = q**2 + 30*q + 133. Determine l(-14).
-91
Let s(t) = -304*t + 1866. Determine s(6).
42
Let w(y) = 2*y**3 - 12*y**2 + 13*y - 13. What is w(5)?
2
Let v(o) = -o**2 - 49*o + 825. Determine v(-63).
-57
Let c(k) = -k**3 + 10*k**2 + 38*k - 193. What is c(10)?
187
Let r(c) = c**3 - 24*c**2 + 69*c - 15. Calculate r(3).
3
Let r(t) = -11*t**3 + t**2 - 2*t - 4. Determine r(2).
-92
Let v(k) = -204*k**2 + 1631*k - 4. Give v(8).
-12
Let f(t) = 122*t - 362. Give f(3).
4
Let c(w) = 3*w**2 + 64*w - 173. Determine c(-24).
19
Let f(k) = 5147*k - 41176. Calculate f(8).
0
Let x(d) = 154*d - 827. Calculate x(5).
-57
Let s(i) = i**2 + 409*i - 2074. Determine s(5).
-4
Let l(u) = -3*u**3 + 153*u**2 + 282. What is l(51)?
282
Let i(k) = -3*k**2 + 54*k - 6. What is i(13)?
189
Let w(i) = 285*i - 4296. What is w(15)?
-21
Let y(i) = -4*i**3 + 289*i**2 + 223*i - 233. Determine y(73).
59
Let b(g) = -2*g**2 + 2435*g - 33727. What is b(14)?
-29
Let p(d) = d**3 - 28*d**2 + 11*d + 48. Calculate p(28).
356
Let t(j) = 160*j - 139. Determine t(1).
21
Let m(t) = -2*t**2 - 92*t + 2983. Calculate m(-68).
-9
Let b(p) = 4*p + 319. What is b(-32)?
191
Let q(m) = -m**3 + 47*m**2 + 229*m - 6408. Calculate q(49).
11
Let z(x) = 2*x**3 + 48*x**2 - 5*x - 148. Calculate z(-24).
-28
Let g(k) = -13*k**2 - 665*k - 107. Determine g(-51).
-5
Let q(w) = -w**2 - 9*w + 799. What is q(-33)?
7
Let c(s) = -s**3 - 22*s**2 - 114*s + 17. Calculate c(-9).
-10
Let u(w) = -372*w - 1493. What is u(-4)?
-5
Let l(b) = 15*b**2 - 1195*b - 421. Determine l(80).
-21
Let p(n) = -n**2 - 21*n - 352. What is p(-28)?
-548
Let p(u) = -u**2 + 721*u + 2884. What is p(-4)?
-16
Let m(j) = 2*j**3 - j**2 - 400*j + 104. Determine m(-14).
20
Let a(s) = 2*s**2 + 46*s + 218. Determine a(-19).
66
Let j(z) = -610*z + 79906. Determine j(131).
-4
Let j(s) = -27*s - 32. What is j(-3)?
49
Let k(b) = b**3 + 9*b**2 + 16*b - 26. Determine k(-5).
-6
Let r(w) = 4*w**2 - 29*w + 27. Determine r(2).
-15
Let o(h) = 20*h - 41. Give o(-7).
-181
Let q(t) = t**3 - 15*t**2 - 15*t - 13. Calculate q(16).
3
Let r(x) = -1253*x - 17543. What is r(-14)?
-1
Let k(r) = r**2 + 5*r + 2. Determine k(8).
106
Let v(b) = 3*b**2 + 75*b - 1171. Calculate v(11).
17
Let l(m) = -m**2 - 20*m - 43. Determine l(-4).
21
Let i(g) = g - 229. What is i(12)?
-217
Let o(w) = -484*w + 1467. What is o(3)?
15
Let n(s) = -s**2 - 28*s - 187. Give n(-9).
-16
Let j(d) = -812*d**3 + 3*d**2 - 8*d + 4. Determine j(1).
-813
Let d(r) = -551*r + 1116. What is d(2)?
14
Let p(m) = 104*m + 223. Determine p(-9).
-713
Let f(r) = 2*r**3 - 21*r**2 + 66*r - 72. Give f(6).
0
Let n(b) = -74*b - 808. What is n(-11)?
6
Let t(j) = -4*j**2 - 3*j + 40. Determine t(-6).
-86
Let h(a) = -9*a**2 - 900*a + 929. Determine h(-101).
20
Let q(c) = -373*c - 21997. What is q(-59)?
10
Let j(h) = -h**2 - 16*h - 48. What is j(-11)?
7
Let f(b) = 2*b**3 - 54*b**2 - b + 83. Give f(27).
56
Let p(r) = -2*r - 123. Give p(-48).
-27
Let z(f) = 109*f - 940. Determine z(9).
41
Let o(u) = -u**3 - 3*u**2 + 14*u - 365. Calculate o(-9).
-5
Let v(h) = -23*h + 341. Calculate v(16).
-27
Let y(w) = -w**3 + 2*w**2 + 21*w - 24. Give y(7).
-122
Let v(x) = x**2 + 5*x - 10. What is v(5)?
40
Let m(u) = -3*u + 124. Determine m(38).
10
Let x(u) = 2*u**2 + 592*u - 6108. Determine x(10).
12
Let c(n) = -3*n**3 - 87*n**2 + 2*n + 63. What is c(-29)?
5
Let d(v) = v**3 - 4*v**2 - 92*v - 49. Give d(12).
-1
Let o(u) = 810*u + 1358. Calculate o(-2).
-262
Let h(j) = -j**3 - 22*j**2 - 62*j - 102. Calculate h(-19).
-7
Let t(r) = -57*r - 1. Give t(0).
-1
Let b(m) = -m**2 + 11*m + 160. Give b(11).
160
Let n(u) = -u**2 + 28*u - 265. Give n(12).
-73
Let j(w) = 102*w + 1305. Calculate j(-13).
-21
Let o(q) = 148*q - 14669. What is o(99)?
-17
Let h(l) = -3*l**2 - 174*l - 175. Determine h(-57).
-4
Let r(p) = -86*p**3 - 10*p**2 + 8. Determine r(1).
-88
Let d(x) = -46*x - 335. What is d(-8)?
33
Let l(i) = i**3 - 14*i**2 - 678*i + 9484. Calculate l(14).
-8
Let f(j) = 17708*j + 53134. What is f(-3)?
10
Let c(z) = 53*z**2 - 1. Give c(-1).
52
Let x(t) = -403*t - 82607. Calculate x(-205).
8
Let p(j) = -185*j - 1403. Calculate p(-8).
77
Let z(b) = b**3 + 102*b**2 - 114*b - 1127. Give z(-103).
6
Let t(l) = -l**2 + 131*l + 672. Determine t(-5).
-8
Let j(z) = -z**2 - 74*z - 682. What is j(-10)?
-42
Let k(j) = 2*j**2 - 11*j - 104. Calculate k(11).
17
Let g(j) = 3*j**2 - 85*j + 596. Calculate g(17).
18
Let v(y) = 329*y - 2961. What is v(9)?
0
Let n(c) = 26*c - 941. Determine n(45).
229
Let z(v) = 2*v**2 - 82*v + 490. Give z(7).
14
Let b(g) = g**2 + 20*g + 39. Give b(9).
300
Let s(z) = 9*z**2 - 451*z + 892. Determine s(2).
26
Let u(k) = 11*k**2 + 39*k + 10. What is u(-6)?
172
Let u(a) = -52*a + 1213. What is u(22)?
69
Let b(d) = -d**3 + 13*d**2 + 102*d - 1268. Calculate b(14).
-36
Let f(v) = -11*v + 25. Determine f(6).
-41
Let y(x) = 163*x - 194. Calculate y(1).
-31
Let p(y) = 623*y + 7469. Give p(-12).
-7
Let u(c) = 264*c + 2184. Give u(-8).
72
Let l(j) = -j**2 + 49*j + 149. Determine l(52).
-7
Let o(d) = 12*d - 140. Give o(10).
-20
Let v(x) = -3*x**3 + 90*x**2 - 382*x + 32. Calculate v(5).
-3
Let x(j) = -j**3 + 5*j**2 - 82*j + 651. Determine x(7).
-21
Let d(k) = -k**2 + 24*k + 60. Determine d(24).
60
Let p(u) = 3*u**2 - 45*u + 19. Calculate p(15).
19
Let j(l) = l - 649. Determine j(15).
-634
Let s(q) = -5*q**3 - 345*q**2 + q + 124. Give s(-69).
55
Let m(f) = f**3 + 26*f**2 + 112*f + 1513. Calculate m(-24).
-23
Let k(c) = -c**3 + 8*c**2 - c + 4. What is k(8)?
-4
Let j(a) = -2*a**3 + 2*a**2 + 7*a + 14. Determine j(3).
-1
Let y(n) = -20*n - 287. Determine y(-15).
13
Let n(f) = 5*f + 148. Calculate n(-28).
8
Let j(x) = x**3 - 11*x**2 + 38*x - 3. What is j(6)?
45
Let u(b) = 1867*b + 41066. What is u(-22)?
-8
Let k(z) = z**3 - 30*z**2 - 87*z - 60. Give k(33).
336
Let w(h) = -h**2 - 56*h - 50. Determine w(-55).
5
Let x(c) = 2*c**2 + 99*c + 434. Calculate x(-45).
29
Let f(v) = -14*v + 29. What is f(2)?
1
Let x(a) = a**2 - 31*a + 175. Determine x(14).
-63
Let i(w) = -12*w**3 + 75*w**2 - 20*w + 9. Give i(6).
-3
Let c(r) = -r**3 - 36*r**2 + 223*r - 98. Give c(5).
-8
Let j(k) = -4*k**3 + k**2 + 6*k + 7. Calculate j(-1).
6
Let q(w) = -w**3 - 25*w**2 - 24*w + 70. What is q(-24)?
70
Let f(n) = 62*n + 739. Calculate f(-12).
-5
Let v(q) = 16*q - 796. What is v(52)?
36
Let x(m) = -117*m**2 + 25274*m - 425. What is x(216)?
7
Le